{"id":167,"date":"2024-02-22T19:15:05","date_gmt":"2024-02-22T19:15:05","guid":{"rendered":"https:\/\/fmmural91.uno\/2024\/?page_id=167"},"modified":"2026-02-24T14:47:36","modified_gmt":"2026-02-24T17:47:36","slug":"noticias","status":"publish","type":"page","link":"https:\/\/fmmural91.uno\/2024\/noticias\/","title":{"rendered":"Noticias"},"content":{"rendered":"\t\t<div data-elementor-type=\"wp-page\" data-elementor-id=\"167\" class=\"elementor elementor-167\" data-elementor-post-type=\"page\">\n\t\t\t\t<div class=\"elementor-element elementor-element-4a6cfc0 e-flex e-con-boxed e-con e-parent\" data-id=\"4a6cfc0\" data-element_type=\"container\" data-e-type=\"container\">\n\t\t\t\t\t<div class=\"e-con-inner\">\n\t\t\t\t<div class=\"elementor-element elementor-element-bf18dc6 elementor-grid-3 elementor-grid-tablet-2 elementor-grid-mobile-1 elementor-posts--thumbnail-top elementor-card-shadow-yes elementor-posts__hover-gradient elementor-widget elementor-widget-posts\" data-id=\"bf18dc6\" data-element_type=\"widget\" data-e-type=\"widget\" data-settings=\"{&quot;pagination_type&quot;:&quot;numbers&quot;,&quot;cards_columns&quot;:&quot;3&quot;,&quot;cards_columns_tablet&quot;:&quot;2&quot;,&quot;cards_columns_mobile&quot;:&quot;1&quot;,&quot;cards_row_gap&quot;:{&quot;unit&quot;:&quot;px&quot;,&quot;size&quot;:35,&quot;sizes&quot;:[]},&quot;cards_row_gap_tablet&quot;:{&quot;unit&quot;:&quot;px&quot;,&quot;size&quot;:&quot;&quot;,&quot;sizes&quot;:[]},&quot;cards_row_gap_mobile&quot;:{&quot;unit&quot;:&quot;px&quot;,&quot;size&quot;:&quot;&quot;,&quot;sizes&quot;:[]}}\" data-widget_type=\"posts.cards\">\n\t\t\t\t<div class=\"elementor-widget-container\">\n\t\t\t\t\t\t\t<div class=\"elementor-posts-container elementor-posts elementor-posts--skin-cards elementor-grid\" role=\"list\">\r\n\t\t\t\t<article class=\"elementor-post elementor-grid-item post-2269 post type-post status-publish format-standard has-post-thumbnail hentry category-guerra-en-medio-oriente\" role=\"listitem\">\r\n\t\t\t<div class=\"elementor-post__card\">\r\n\t\t\t\t<a class=\"elementor-post__thumbnail__link\" href=\"https:\/\/fmmural91.uno\/2024\/al-inicio-del-cese-al-fuego-libano-denuncio-las-primeras-violaciones\/\" tabindex=\"-1\" ><div class=\"elementor-post__thumbnail\"><img fetchpriority=\"high\" decoding=\"async\" width=\"559\" height=\"347\" src=\"https:\/\/fmmural91.uno\/2024\/wp-content\/uploads\/2026\/04\/Captura-de-pantalla-2026-04-17-090833-559x347.png\" class=\"attachment-medium size-medium wp-image-2270\" alt=\"\" srcset=\"https:\/\/fmmural91.uno\/2024\/wp-content\/uploads\/2026\/04\/Captura-de-pantalla-2026-04-17-090833-559x347.png 559w, https:\/\/fmmural91.uno\/2024\/wp-content\/uploads\/2026\/04\/Captura-de-pantalla-2026-04-17-090833-768x477.png 768w, https:\/\/fmmural91.uno\/2024\/wp-content\/uploads\/2026\/04\/Captura-de-pantalla-2026-04-17-090833.png 923w\" sizes=\"(max-width: 559px) 100vw, 559px\" \/><\/div><\/a>\r\n\t\t\t\t<div class=\"elementor-post__badge\">Guerra en Medio Oriente<\/div>\r\n\t\t\t\t<div class=\"elementor-post__text\">\r\n\t\t\t\t<h3 class=\"elementor-post__title\">\r\n\t\t\t<a href=\"https:\/\/fmmural91.uno\/2024\/al-inicio-del-cese-al-fuego-libano-denuncio-las-primeras-violaciones\/\" >\r\n\t\t\t\tAl inicio del cese al fuego, L\u00edbano denunci\u00f3 las primeras violaciones\t\t\t<\/a>\r\n\t\t<\/h3>\r\n\t\t\r\n\t\t<a class=\"elementor-post__read-more\" href=\"https:\/\/fmmural91.uno\/2024\/al-inicio-del-cese-al-fuego-libano-denuncio-las-primeras-violaciones\/\" aria-label=\"Read more about Al inicio del cese al fuego, L\u00edbano denunci\u00f3 las primeras violaciones\" tabindex=\"-1\" >\r\n\t\t\tVer m\u00e1s\t\t<\/a>\r\n\r\n\t\t\t\t<\/div>\r\n\t\t\t\t<div class=\"elementor-post__meta-data\">\r\n\t\t\t\t\t<span class=\"elementor-post-date\">\r\n\t\t\t\t\t<\/span>\r\n\t\t\t\t<span class=\"elementor-post-avatar\">\r\n\t\t\tNo hay comentarios\t\t<\/span>\r\n\t\t\t\t<\/div>\r\n\t\t\t\t\t<\/div>\r\n\t\t<\/article>\r\n\t\t\t\t<article class=\"elementor-post elementor-grid-item post-2265 post type-post status-publish format-standard has-post-thumbnail hentry category-economia\" role=\"listitem\">\r\n\t\t\t<div class=\"elementor-post__card\">\r\n\t\t\t\t<a class=\"elementor-post__thumbnail__link\" href=\"https:\/\/fmmural91.uno\/2024\/el-fmi-obligo-a-milei-a-liberar-mas-pesos-y-regular-la-tasa-para-estabilizar-la-economia\/\" tabindex=\"-1\" ><div class=\"elementor-post__thumbnail\"><img decoding=\"async\" width=\"559\" height=\"326\" src=\"https:\/\/fmmural91.uno\/2024\/wp-content\/uploads\/2026\/04\/Captura-de-pantalla-2026-04-17-085839-559x326.png\" class=\"attachment-medium size-medium wp-image-2266\" alt=\"\" srcset=\"https:\/\/fmmural91.uno\/2024\/wp-content\/uploads\/2026\/04\/Captura-de-pantalla-2026-04-17-085839-559x326.png 559w, https:\/\/fmmural91.uno\/2024\/wp-content\/uploads\/2026\/04\/Captura-de-pantalla-2026-04-17-085839-768x447.png 768w, https:\/\/fmmural91.uno\/2024\/wp-content\/uploads\/2026\/04\/Captura-de-pantalla-2026-04-17-085839.png 958w\" sizes=\"(max-width: 559px) 100vw, 559px\" \/><\/div><\/a>\r\n\t\t\t\t<div class=\"elementor-post__badge\">Econom\u00eda<\/div>\r\n\t\t\t\t<div class=\"elementor-post__text\">\r\n\t\t\t\t<h3 class=\"elementor-post__title\">\r\n\t\t\t<a href=\"https:\/\/fmmural91.uno\/2024\/el-fmi-obligo-a-milei-a-liberar-mas-pesos-y-regular-la-tasa-para-estabilizar-la-economia\/\" >\r\n\t\t\t\tEl FMI oblig\u00f3 a Milei a liberar m\u00e1s pesos y regular la tasa para estabilizar la econom\u00eda\t\t\t<\/a>\r\n\t\t<\/h3>\r\n\t\t\r\n\t\t<a class=\"elementor-post__read-more\" href=\"https:\/\/fmmural91.uno\/2024\/el-fmi-obligo-a-milei-a-liberar-mas-pesos-y-regular-la-tasa-para-estabilizar-la-economia\/\" aria-label=\"Read more about El FMI oblig\u00f3 a Milei a liberar m\u00e1s pesos y regular la tasa para estabilizar la econom\u00eda\" tabindex=\"-1\" >\r\n\t\t\tVer m\u00e1s\t\t<\/a>\r\n\r\n\t\t\t\t<\/div>\r\n\t\t\t\t<div class=\"elementor-post__meta-data\">\r\n\t\t\t\t\t<span class=\"elementor-post-date\">\r\n\t\t\t\t\t<\/span>\r\n\t\t\t\t<span class=\"elementor-post-avatar\">\r\n\t\t\tNo hay comentarios\t\t<\/span>\r\n\t\t\t\t<\/div>\r\n\t\t\t\t\t<\/div>\r\n\t\t<\/article>\r\n\t\t\t\t<article class=\"elementor-post elementor-grid-item post-2261 post type-post status-publish format-standard has-post-thumbnail hentry category-politica\" role=\"listitem\">\r\n\t\t\t<div class=\"elementor-post__card\">\r\n\t\t\t\t<a class=\"elementor-post__thumbnail__link\" href=\"https:\/\/fmmural91.uno\/2024\/el-gobierno-quiere-que-los-supremos-levanten-la-cautelar\/\" tabindex=\"-1\" ><div class=\"elementor-post__thumbnail\"><img decoding=\"async\" width=\"559\" height=\"346\" src=\"https:\/\/fmmural91.uno\/2024\/wp-content\/uploads\/2026\/04\/Captura-de-pantalla-2026-04-17-085041-559x346.png\" class=\"attachment-medium size-medium wp-image-2262\" alt=\"\" srcset=\"https:\/\/fmmural91.uno\/2024\/wp-content\/uploads\/2026\/04\/Captura-de-pantalla-2026-04-17-085041-559x346.png 559w, https:\/\/fmmural91.uno\/2024\/wp-content\/uploads\/2026\/04\/Captura-de-pantalla-2026-04-17-085041-1024x634.png 1024w, https:\/\/fmmural91.uno\/2024\/wp-content\/uploads\/2026\/04\/Captura-de-pantalla-2026-04-17-085041-768x475.png 768w, https:\/\/fmmural91.uno\/2024\/wp-content\/uploads\/2026\/04\/Captura-de-pantalla-2026-04-17-085041.png 1304w\" sizes=\"(max-width: 559px) 100vw, 559px\" \/><\/div><\/a>\r\n\t\t\t\t<div class=\"elementor-post__badge\">Pol\u00edtica<\/div>\r\n\t\t\t\t<div class=\"elementor-post__text\">\r\n\t\t\t\t<h3 class=\"elementor-post__title\">\r\n\t\t\t<a href=\"https:\/\/fmmural91.uno\/2024\/el-gobierno-quiere-que-los-supremos-levanten-la-cautelar\/\" >\r\n\t\t\t\tEl gobierno quiere que los supremos levanten la cautelar\t\t\t<\/a>\r\n\t\t<\/h3>\r\n\t\t\r\n\t\t<a class=\"elementor-post__read-more\" href=\"https:\/\/fmmural91.uno\/2024\/el-gobierno-quiere-que-los-supremos-levanten-la-cautelar\/\" aria-label=\"Read more about El gobierno quiere que los supremos levanten la cautelar\" tabindex=\"-1\" >\r\n\t\t\tVer m\u00e1s\t\t<\/a>\r\n\r\n\t\t\t\t<\/div>\r\n\t\t\t\t<div class=\"elementor-post__meta-data\">\r\n\t\t\t\t\t<span class=\"elementor-post-date\">\r\n\t\t\t\t\t<\/span>\r\n\t\t\t\t<span class=\"elementor-post-avatar\">\r\n\t\t\tNo hay comentarios\t\t<\/span>\r\n\t\t\t\t<\/div>\r\n\t\t\t\t\t<\/div>\r\n\t\t<\/article>\r\n\t\t\t\t<article class=\"elementor-post elementor-grid-item post-2258 post type-post status-publish format-standard has-post-thumbnail hentry category-politica\" role=\"listitem\">\r\n\t\t\t<div class=\"elementor-post__card\">\r\n\t\t\t\t<a class=\"elementor-post__thumbnail__link\" href=\"https:\/\/fmmural91.uno\/2024\/kicillof-se-reunio-con-empresarios-y-hablo-de-reformas-laborales-con-la-vice-de-espana\/\" tabindex=\"-1\" ><div class=\"elementor-post__thumbnail\"><img loading=\"lazy\" decoding=\"async\" width=\"559\" height=\"312\" src=\"https:\/\/fmmural91.uno\/2024\/wp-content\/uploads\/2026\/04\/Captura-de-pantalla-2026-04-17-083317-559x312.png\" class=\"attachment-medium size-medium wp-image-2259\" alt=\"\" srcset=\"https:\/\/fmmural91.uno\/2024\/wp-content\/uploads\/2026\/04\/Captura-de-pantalla-2026-04-17-083317-559x312.png 559w, https:\/\/fmmural91.uno\/2024\/wp-content\/uploads\/2026\/04\/Captura-de-pantalla-2026-04-17-083317-1024x571.png 1024w, https:\/\/fmmural91.uno\/2024\/wp-content\/uploads\/2026\/04\/Captura-de-pantalla-2026-04-17-083317-768x429.png 768w, https:\/\/fmmural91.uno\/2024\/wp-content\/uploads\/2026\/04\/Captura-de-pantalla-2026-04-17-083317.png 1276w\" sizes=\"(max-width: 559px) 100vw, 559px\" \/><\/div><\/a>\r\n\t\t\t\t<div class=\"elementor-post__badge\">Pol\u00edtica<\/div>\r\n\t\t\t\t<div class=\"elementor-post__text\">\r\n\t\t\t\t<h3 class=\"elementor-post__title\">\r\n\t\t\t<a href=\"https:\/\/fmmural91.uno\/2024\/kicillof-se-reunio-con-empresarios-y-hablo-de-reformas-laborales-con-la-vice-de-espana\/\" >\r\n\t\t\t\tKicillof se reuni\u00f3 con empresarios y habl\u00f3 de reformas laborales con la vice de Espa\u00f1a\t\t\t<\/a>\r\n\t\t<\/h3>\r\n\t\t\r\n\t\t<a class=\"elementor-post__read-more\" href=\"https:\/\/fmmural91.uno\/2024\/kicillof-se-reunio-con-empresarios-y-hablo-de-reformas-laborales-con-la-vice-de-espana\/\" aria-label=\"Read more about Kicillof se reuni\u00f3 con empresarios y habl\u00f3 de reformas laborales con la vice de Espa\u00f1a\" tabindex=\"-1\" >\r\n\t\t\tVer m\u00e1s\t\t<\/a>\r\n\r\n\t\t\t\t<\/div>\r\n\t\t\t\t<div class=\"elementor-post__meta-data\">\r\n\t\t\t\t\t<span class=\"elementor-post-date\">\r\n\t\t\t\t\t<\/span>\r\n\t\t\t\t<span class=\"elementor-post-avatar\">\r\n\t\t\tNo hay comentarios\t\t<\/span>\r\n\t\t\t\t<\/div>\r\n\t\t\t\t\t<\/div>\r\n\t\t<\/article>\r\n\t\t\t\t<article class=\"elementor-post elementor-grid-item post-2255 post type-post status-publish format-standard has-post-thumbnail hentry category-politica\" role=\"listitem\">\r\n\t\t\t<div class=\"elementor-post__card\">\r\n\t\t\t\t<a class=\"elementor-post__thumbnail__link\" href=\"https:\/\/fmmural91.uno\/2024\/daniel-scioli-promociono-el-invierno-2026-con-nieve-de-telgopor-y-el-video-se-volvio-viral\/\" tabindex=\"-1\" ><div class=\"elementor-post__thumbnail\"><img loading=\"lazy\" decoding=\"async\" width=\"559\" height=\"363\" src=\"https:\/\/fmmural91.uno\/2024\/wp-content\/uploads\/2026\/04\/Captura-de-pantalla-2026-04-17-082637-559x363.png\" class=\"attachment-medium size-medium wp-image-2256\" alt=\"\" srcset=\"https:\/\/fmmural91.uno\/2024\/wp-content\/uploads\/2026\/04\/Captura-de-pantalla-2026-04-17-082637-559x363.png 559w, https:\/\/fmmural91.uno\/2024\/wp-content\/uploads\/2026\/04\/Captura-de-pantalla-2026-04-17-082637-1024x664.png 1024w, https:\/\/fmmural91.uno\/2024\/wp-content\/uploads\/2026\/04\/Captura-de-pantalla-2026-04-17-082637-768x498.png 768w, https:\/\/fmmural91.uno\/2024\/wp-content\/uploads\/2026\/04\/Captura-de-pantalla-2026-04-17-082637.png 1289w\" sizes=\"(max-width: 559px) 100vw, 559px\" \/><\/div><\/a>\r\n\t\t\t\t<div class=\"elementor-post__badge\">Pol\u00edtica<\/div>\r\n\t\t\t\t<div class=\"elementor-post__text\">\r\n\t\t\t\t<h3 class=\"elementor-post__title\">\r\n\t\t\t<a href=\"https:\/\/fmmural91.uno\/2024\/daniel-scioli-promociono-el-invierno-2026-con-nieve-de-telgopor-y-el-video-se-volvio-viral\/\" >\r\n\t\t\t\tDaniel Scioli promocion\u00f3 el invierno 2026 con \u201cnieve de telgopor\u201d y el video se volvi\u00f3 viral\t\t\t<\/a>\r\n\t\t<\/h3>\r\n\t\t\r\n\t\t<a class=\"elementor-post__read-more\" href=\"https:\/\/fmmural91.uno\/2024\/daniel-scioli-promociono-el-invierno-2026-con-nieve-de-telgopor-y-el-video-se-volvio-viral\/\" aria-label=\"Read more about Daniel Scioli promocion\u00f3 el invierno 2026 con \u201cnieve de telgopor\u201d y el video se volvi\u00f3 viral\" tabindex=\"-1\" >\r\n\t\t\tVer m\u00e1s\t\t<\/a>\r\n\r\n\t\t\t\t<\/div>\r\n\t\t\t\t<div class=\"elementor-post__meta-data\">\r\n\t\t\t\t\t<span class=\"elementor-post-date\">\r\n\t\t\t\t\t<\/span>\r\n\t\t\t\t<span class=\"elementor-post-avatar\">\r\n\t\t\tNo hay comentarios\t\t<\/span>\r\n\t\t\t\t<\/div>\r\n\t\t\t\t\t<\/div>\r\n\t\t<\/article>\r\n\t\t\t\t<article class=\"elementor-post elementor-grid-item post-2252 post type-post status-publish format-standard has-post-thumbnail hentry category-politica\" role=\"listitem\">\r\n\t\t\t<div class=\"elementor-post__card\">\r\n\t\t\t\t<a class=\"elementor-post__thumbnail__link\" href=\"https:\/\/fmmural91.uno\/2024\/la-familia-judicial-se-expande-mahiques-puso-a-su-hermano-en-el-ministerio-de-justicia\/\" tabindex=\"-1\" ><div class=\"elementor-post__thumbnail\"><img loading=\"lazy\" decoding=\"async\" width=\"559\" height=\"348\" src=\"https:\/\/fmmural91.uno\/2024\/wp-content\/uploads\/2026\/04\/Captura-de-pantalla-2026-04-16-152055-559x348.png\" class=\"attachment-medium size-medium wp-image-2253\" alt=\"\" srcset=\"https:\/\/fmmural91.uno\/2024\/wp-content\/uploads\/2026\/04\/Captura-de-pantalla-2026-04-16-152055-559x348.png 559w, https:\/\/fmmural91.uno\/2024\/wp-content\/uploads\/2026\/04\/Captura-de-pantalla-2026-04-16-152055-768x478.png 768w, https:\/\/fmmural91.uno\/2024\/wp-content\/uploads\/2026\/04\/Captura-de-pantalla-2026-04-16-152055.png 921w\" sizes=\"(max-width: 559px) 100vw, 559px\" \/><\/div><\/a>\r\n\t\t\t\t<div class=\"elementor-post__badge\">Pol\u00edtica<\/div>\r\n\t\t\t\t<div class=\"elementor-post__text\">\r\n\t\t\t\t<h3 class=\"elementor-post__title\">\r\n\t\t\t<a href=\"https:\/\/fmmural91.uno\/2024\/la-familia-judicial-se-expande-mahiques-puso-a-su-hermano-en-el-ministerio-de-justicia\/\" >\r\n\t\t\t\tLa &#8220;Familia Judicial&#8221; se expande: Mahiques puso a su hermano en el Ministerio de Justicia\t\t\t<\/a>\r\n\t\t<\/h3>\r\n\t\t\r\n\t\t<a class=\"elementor-post__read-more\" href=\"https:\/\/fmmural91.uno\/2024\/la-familia-judicial-se-expande-mahiques-puso-a-su-hermano-en-el-ministerio-de-justicia\/\" aria-label=\"Read more about La &#8220;Familia Judicial&#8221; se expande: Mahiques puso a su hermano en el Ministerio de Justicia\" tabindex=\"-1\" >\r\n\t\t\tVer m\u00e1s\t\t<\/a>\r\n\r\n\t\t\t\t<\/div>\r\n\t\t\t\t<div class=\"elementor-post__meta-data\">\r\n\t\t\t\t\t<span class=\"elementor-post-date\">\r\n\t\t\t\t\t<\/span>\r\n\t\t\t\t<span class=\"elementor-post-avatar\">\r\n\t\t\tNo hay comentarios\t\t<\/span>\r\n\t\t\t\t<\/div>\r\n\t\t\t\t\t<\/div>\r\n\t\t<\/article>\r\n\t\t\t\t<\/div>\r\n\t\t\r\n\t\t\t\t<div class=\"e-load-more-anchor\" data-page=\"1\" data-max-page=\"25\" data-next-page=\"https:\/\/fmmural91.uno\/2024\/wp-json\/wp\/v2\/pages\/167\/page\/2\/\"><\/div>\r\n\t\t\t\t<nav class=\"elementor-pagination\" aria-label=\"Pagination\">\r\n\t\t\t<span aria-current=\"page\" class=\"page-numbers current\"><span class=\"elementor-screen-only\">Page<\/span>1<\/span>\n<a class=\"page-numbers\" href=\"https:\/\/fmmural91.uno\/2024\/wp-json\/wp\/v2\/pages\/167\/page\/2\/\"><span class=\"elementor-screen-only\">Page<\/span>2<\/a>\n<a class=\"page-numbers\" href=\"https:\/\/fmmural91.uno\/2024\/wp-json\/wp\/v2\/pages\/167\/page\/3\/\"><span class=\"elementor-screen-only\">Page<\/span>3<\/a>\n<a class=\"page-numbers\" href=\"https:\/\/fmmural91.uno\/2024\/wp-json\/wp\/v2\/pages\/167\/page\/4\/\"><span class=\"elementor-screen-only\">Page<\/span>4<\/a>\n<a class=\"page-numbers\" href=\"https:\/\/fmmural91.uno\/2024\/wp-json\/wp\/v2\/pages\/167\/page\/5\/\"><span class=\"elementor-screen-only\">Page<\/span>5<\/a>\t\t<\/nav>\r\n\t\t\t\t\t\t<\/div>\n\t\t\t\t<\/div>\n\t\t\t\t\t<\/div>\n\t\t\t\t<\/div>\n\t\t\t\t<\/div>\n\t\t","protected":false},"excerpt":{"rendered":"","protected":false},"author":2,"featured_media":0,"parent":0,"menu_order":0,"comment_status":"closed","ping_status":"closed","template":"elementor_theme","meta":{"sync_status":"","episode_type":"","audio_file":"","castos_file_data":"","podmotor_file_id":"","cover_image":"","cover_image_id":"","duration":"","filesize":"","filesize_raw":"","date_recorded":"","explicit":"","block":"","footnotes":""},"class_list":["post-167","page","type-page","status-publish","hentry"],"_links":{"self":[{"href":"https:\/\/fmmural91.uno\/2024\/wp-json\/wp\/v2\/pages\/167","targetHints":{"allow":["GET"]}}],"collection":[{"href":"https:\/\/fmmural91.uno\/2024\/wp-json\/wp\/v2\/pages"}],"about":[{"href":"https:\/\/fmmural91.uno\/2024\/wp-json\/wp\/v2\/types\/page"}],"author":[{"embeddable":true,"href":"https:\/\/fmmural91.uno\/2024\/wp-json\/wp\/v2\/users\/2"}],"replies":[{"embeddable":true,"href":"https:\/\/fmmural91.uno\/2024\/wp-json\/wp\/v2\/comments?post=167"}],"version-history":[{"count":82,"href":"https:\/\/fmmural91.uno\/2024\/wp-json\/wp\/v2\/pages\/167\/revisions"}],"predecessor-version":[{"id":1760,"href":"https:\/\/fmmural91.uno\/2024\/wp-json\/wp\/v2\/pages\/167\/revisions\/1760"}],"wp:attachment":[{"href":"https:\/\/fmmural91.uno\/2024\/wp-json\/wp\/v2\/media?parent=167"}],"curies":[{"name":"wp","href":"https:\/\/api.w.org\/{rel}","templated":true}]}}